306 - 346. Let h be (-959)/(-8) - (-3 + (-115)/y). Suppose 6*x - 48 - 42 = 0. Calculate the highest common factor of h and x.
15
Let g be (36 - 2208/(-64))/(6/56). What is the greatest common factor of g and 423?
47
Let k(h) = -5*h**3 - 95*h**2 - 22*h + 30. Let t be k(-19). Let c(q) = 12*q**2 + q + 17. Let x be c(3). What is the greatest common divisor of t and x?
64
Let x(j) = 2*j + 302. Let z be x(169). What is the greatest common divisor of z and 150?
10
Suppose -1322*r + 1325*r = 213. Suppose 4*d = -d - 255. Let o = d + r. What is the greatest common factor of o and 20?
20
Let x = 415 - 194. Suppose 2*q + 2*w - x + 43 = 0, q + 2*w = 91. Calculate the highest common divisor of q and 29.
29
Suppose 63*k - 5*r + 407 = 67*k, 3*k - 339 = 3*r. Calculate the highest common divisor of 684 and k.
36
Suppose 1470*k - 1700 = 1468*k + 4*n, 0 = -4*n - 8. Calculate the highest common factor of 72 and k.
18
Let m = 7200 + -7196. Calculate the highest common factor of 157 and m.
1
Let r(s) = -279*s**2 - s + 328*s**2 + 21 + 2. Let d be r(4). What is the highest common factor of d and 73?
73
Suppose -62*l - 14*l + 1672 = 0. What is the highest common divisor of 1705 and l?
11
Let q be (1/(-2) + (-252)/(-72))*(-15)/(-9). Calculate the highest common factor of 895 and q.
5
Let c(u) = -10*u + 520. Let y be c(48). Suppose 0 = -k - 4*k - 5*w + 105, -3*k = -w - 59. Calculate the greatest common divisor of y and k.
20
Suppose b = o + 3*o - 13, -5*b = 3*o - 50. Suppose -b*k + 54 = 2*k. Suppose -6*x + 9*x = k. What is the highest common factor of 8 and x?
2
Suppose 826 = 12*b + 562. Let w be (-2 - 28)*(-3)/9. Calculate the greatest common divisor of w and b.
2
Let y = 15 + -14. Suppose 5*b - 10 = -3*x - 3, -2*b + 5*x = -9. Suppose -y = 3*a - 2*a, -8 = -3*r + b*a. What is the highest common divisor of 10 and r?
2
Suppose 3*b - 145 = 5. Let y = 472 + b. What is the highest common factor of 116 and y?
58
Let p(r) be the first derivative of r**3/3 + 17*r**2/2 - 142*r - 252. Let f be p(-26). Calculate the highest common divisor of f and 460.
92
Let n(f) = -f**2 + 7*f + 636. Let x be n(24). Calculate the greatest common divisor of x and 969.
57
Suppose 0 = v + 5025*c - 5022*c - 18583, -2*v + 5*c = -37122. What is the highest common factor of v and 49?
49
Let d = 342 + -324. Suppose -d*b - 1240 = -38*b. What is the highest common divisor of 2 and b?
2
Let f = 555 + -238. Suppose -4*u + 68 = 2*h - 194, 5*u - h = f. Calculate the greatest common factor of 160 and u.
32
Suppose -2*t + 16 = 2*t. Suppose 0 = -l + 2*w + 8, 0*l + l - t*w - 2 = 0. Suppose -3*n = -4*n + l. Calculate the highest common factor of n and 112.
14
Let p(g) = -7*g**2 + 350*g + 210. Let r be p(50). Calculate the greatest common divisor of 336 and r.
42
Let r = -8 - -2. Let m be (-3)/(-2)*(48/6 + r). Let u be 1600/30*m/1. What is the greatest common divisor of 40 and u?
40
Suppose q - 8 = -3*h - 2, 5*h = 10. Let y be 20 + -3 + 5 + 1*2. Suppose -3*z + y = -q*z. What is the highest common factor of 8 and z?
8
Suppose -9*j = n - 228, -5*n - 57 = -j - 1. What is the greatest common factor of 4849 and j?
13
Suppose -84*a = -82*a - 14. Let t be 70/(-1 + a + 16/(-4)). Calculate the highest common factor of 35 and t.
35
Let c = -281 + 90. Let i = -145 - c. Suppose 406 = 3*q + 2*s, 0 = 7*q - 3*q + 2*s - 544. What is the greatest common divisor of q and i?
46
Let w(g) = -5*g + 21. Let m be w(6). Let h(r) = -r**3 + 10*r**2 - 35*r + 26. Let v be h(m). What is the highest common divisor of 40 and v?
40
Suppose -2*u - 36 = p - 14, u - 79 = 4*p. Let v be (p/(-30))/((-4)/(-45))*50. What is the greatest common divisor of v and 30?
15
Suppose -5*u - 2*i = 16, 3*u + i - 5 = 7*u. Let o be (-3)/((u/29)/(14/21)). What is the greatest common divisor of o and 29?
29
Let s = -28 - -30. Suppose 0 = 13*x - 457 + s. Let b(w) = -w - 7. Let t be b(-12). What is the highest common divisor of t and x?
5
Let v = -19431 + 20583. Calculate the greatest common divisor of v and 27.
9
Let y(u) = u**3 + 18*u**2 + 15*u - 7. Let i be y(-17). Suppose 959 = 7*w - 1120. What is the greatest common factor of w and i?
27
Let l(v) = -8*v - 16. Let m(b) = b**2 - 4*b + 8. Let w be m(3). Let x be l(w). Let p = -55 - x. What is the highest common factor of 3 and p?
1
Let a = 3597 - 1997. What is the greatest common divisor of 64 and a?
64
Suppose h = -0*h + 175. Let g(y) = 3*y**3 + 469*y**2 + 150*y - 911. Let n be g(-156). What is the greatest common divisor of h and n?
25
Let o(c) = -c**2 - 49*c - 295. Let q be o(-8). Calculate the highest common factor of q and 308.
11
Let y be 3*-12*((-5265)/26)/15. Let s = -134 + y. What is the highest common factor of 44 and s?
44
Suppose 4*w + 60 = 1458 + 522. Calculate the highest common divisor of w and 340.
20
Suppose 107*m = 110*m - 78. Let h = -543 + 1141. Calculate the highest common factor of m and h.
26
Let g = 27585 - 11410. What is the greatest common factor of g and 25?
25
Let q = -46 - -203. Suppose 3*w - 3 = 0, 6*j - w + q = 10*j. What is the highest common factor of 13 and j?
13
Let q be (-1)/16 - (-26269)/1744. What is the greatest common divisor of q and 33?
3
Suppose -6 = -3*z, -74*n + 75*n + z - 231 = 0. What is the greatest common factor of n and 5?
1
Let s = -56 + 63. Let b = s + 41. Let d(i) = -i**3 + 8*i**2 + 9*i. Let r be d(8). What is the greatest common divisor of r and b?
24
Let i(o) = -o**2 + 3*o + 176. Let c be i(11). What is the greatest common divisor of c and 7348?
44
Let x(y) = -6*y - 34. Let t be x(-6). Suppose c - 163 = -t*w, -2*w + 5*c + 183 = 2*c. What is the highest common divisor of 96 and w?
12
Let d(o) = -15*o**3 - 5*o**2 - 15*o - 72. Let c be d(-6). What is the highest common factor of c and 95?
19
Let n(r) = r**3 - 54*r**2 - 48*r - 268. Let x be n(55). Calculate the greatest common divisor of 299 and x.
13
Suppose r - 30 = -5*a, 0 = r + 4*r - a - 202. Let q = 43 - r. Suppose 41 = q*c + x, 3*x - 27 = -4*c + 26. What is the greatest common divisor of 42 and c?
14
Let o(x) = 33*x - 612. Let k be o(39). What is the highest common divisor of k and 25?
25
Let o be (955 - 797)/(2/60). Calculate the greatest common factor of 300 and o.
60
Let v(d) = 65*d**2 + 212*d - 426. Let t be v(2). Calculate the greatest common factor of 96 and t.
6
Let w(o) = 3*o**3 + 115*o**2 + 37*o - 12. Let y be w(-38). Calculate the greatest common factor of y and 754.
26
Suppose 4*z - 4*f - 19 = -7*f, 3*f - 15 = 0. Let k be 53 - (4 + -11)*z. Calculate the greatest common factor of k and 36.
12
Suppose -8 = -3*w + w. Suppose -66*j + 59*j = -1148. What is the highest common divisor of j and w?
4
Suppose 3403 = 276*f + 4254 - 11891. Calculate the greatest common factor of f and 1032.
8
Suppose 18*h - 156 - 78 = 0. Let o = -517 - -522. Calculate the highest common divisor of o and h.
1
Let a(s) = s**2 + s + 2. Let d be a(0). Suppose 4*c - 150 = -d*c. Let p = c + -21. Calculate the highest common factor of 6 and p.
2
Suppose 4*r = -3*z + 3905, 829 - 809 = -4*z. What is the greatest common divisor of 300 and r?
20
Suppose 43*t - 4667 = -238. What is the highest common divisor of t and 103?
103
Suppose -103*u - 7208 = -209*u. What is the greatest common divisor of u and 21454?
34
Suppose -81 - 27 = 6*r. Let o = r + 36. Let s(i) = -3*i**3 - i**2 - i - 1. Let a be s(-1). Calculate the highest common divisor of o and a.
2
Let i(y) = -20*y - 2. Let b(w) = -w - 1. Let t(l) = -b(l) + i(l). Let o be t(-3). Let n be 0 + 11 + (-2 - -5). Calculate the greatest common factor of o and n.
14
Let u be (-1794 + -7 + 7)/(14 - 16). What is the greatest common divisor of u and 52?
13
Let v be 0/9 + 6 + -1 + -1. Suppose 0 = -v*r + 895 + 57. Let p = 53 - 19. Calculate the highest common factor of p and r.
34
Let r(x) = -x**3 - x**2 + 2. Let c(t) = -4*t**3 + 4*t**2 + 10*t + 17. Let g(f) = c(f) - 2*r(f). Let n be g(-7). What is the highest common divisor of n and 13?
13
Let s(x) = x**2 + 34*x + 148. Let i be s(-5). Let r be (-10283)/(-52) - i/12*-1. What is the greatest common divisor of r and 264?
66
Let c be 3/(-24) - (-119425)/200. Calculate the highest common factor of 1 and c.
1
Suppose -2*c + 183 = c - i, 5*c = 4*i + 312. Let r be 3*2*90/c. Let t(g) = g**2 - 8*g + 9. Let q be t(8). Calculate the highest common divisor of r a